) = v**3 - 5*v**2 + 2*v + 4. Give b(z).
-4
Suppose -z + 5*s - 13 = 0, 0 = 4*z - 3*z + 4*s - 14. Let x(o) = -4*o**2 + 3*o - 3 + 0*o**3 + 1 - z*o + o**3. Give x(4).
2
Let t(a) = 2*a**2 + 2. Let l(j) = 2*j**2 + 1. Let o(n) = -3*l(n) + 2*t(n). Give o(1).
-1
Suppose 0*g = -2*g + 6. Let j(v) = -v**g - 5*v + v**3 + 3 + 3*v**2 + v**3. Let r(p) = p**2 + 5*p. Let s be r(-4). Determine j(s).
7
Let u(a) = a**3 - 2*a**2 + 4*a - 2. Let k be -3*(-3 + -1 + -1). Let b be (20/k)/((-4)/(-6)). Suppose 2*s - 2 = -f - 2*f, -b*f + 4*s + 12 = 0. Give u(f).
6
Let o(x) be the third derivative of -x**4/12 + x**2. Let p(k) = 3*k**3 + 15*k**2 - 14 + 3*k - 2*k**3 - 4*k + 0*k. Let q be p(-15). Determine o(q).
-2
Let n(k) = -k**2 + 7*k - 7. Let o = 12 - 12. Suppose 30 = -a + 4*a + 4*w, o = 5*a - 4*w - 18. Give n(a).
-1
Suppose 5*g = 38 - 53. Let w(c) = 3*c - 7*c + 3*c - 7. Calculate w(g).
-4
Let q(j) = -2 - 1 + 3*j - 4*j + 0*j**2 + j**2. Determine q(3).
3
Suppose -4*g + 9 + 15 = 0. Let i(d) = -d**2 + 7*d - 5. Give i(g).
1
Let z(k) = k - 7. Let g be z(10). Let d(c) = -4*c - 1. Determine d(g).
-13
Let j(y) = -y + 1. Let k(s) = -6*s + 12. Let o(d) = -5*j(d) + k(d). Give o(7).
0
Let v = -1 - 0. Let f be (1/(-2) + 1)*2. Let j(m) = 2*m**2 + m**2 - 2*m**2 + f + 5*m**3 + m. Determine j(v).
-4
Let g(r) = r - 8. Let k(q) = -q**3 + 4*q**2 + q**2 + 5 + 0*q**2. Let l be k(5). Give g(l).
-3
Let l be ((-5)/4)/((-1)/(-4)). Let i be l/(-2) - (-4)/8. Suppose -y = 4*u, -4*y + i*u + 19 = -0*u. Let w(s) = -s**3 + 5*s**2 - 3*s - 4. Determine w(y).
0
Let y be 11 + 1 - (6 + -5). Let w(m) = -2 - 14*m + m**2 + 3 + y*m. Give w(3).
1
Suppose -22 = -4*r - 6. Suppose 0 = -r*w + 2*w + 10. Let s be 3/w - 56/35. Let h(c) = -3*c**3 + c**2 + 2*c + 1. Calculate h(s).
3
Let o(d) = 7*d + 6. Let f(b) = -9*b - 5. Let k(h) = 3*f(h) + 4*o(h). Give k(-10).
-1
Let o(n) = -4*n - n - 17 + 18. Calculate o(1).
-4
Suppose -4*o - 1 = -13. Let y(f) = f**2 + 2*f - 1. Let r(h) = -2*h**2 - 3*h + 1. Let q = 17 - 10. Let m(d) = q*y(d) + 4*r(d). Give m(o).
-6
Suppose 0 = -4*f + f - 18. Let c(h) = h + 9. Let m be c(f). Let n(b) = b - 22. Let d(q) = -2. Let o(r) = 22*d(r) - 2*n(r). What is o(m)?
-6
Let x(d) = 4*d**2 + 3*d. Let t(w) = -8*w**2 - 7*w. Let p(a) = -4*t(a) - 9*x(a). Suppose -o - 3*o + 4 = 0. Suppose -o = -n - 0, -n = u. Calculate p(u).
-5
Suppose 4*y = 4*n + 36, 0 = -3*n - 0 - 6. Suppose -2*f - y = 13. Let z be 2/5 + 54/f. Let t(r) = -r - 3. What is t(z)?
2
Let h be (4/(-10))/(1/(-10)). Let d be (-12)/(-8) - 2/h. Let n(l) be the second derivative of -7*l**4/12 + l. Determine n(d).
-7
Let d(g) = 5*g**3 - 16*g**2 - 21*g + 18. Let h(z) = 3*z**3 - 8*z**2 - 11*z + 9. Let i(u) = 4*d(u) - 7*h(u). Give i(-7).
9
Let b(l) = -l**3 - 4*l**2 - 3*l - 10. Let k be b(-4). Let r(z) = -z**3 + 0 + 2*z**2 + 0. What is r(k)?
0
Suppose -1 = -5*r - 11. Let p be (-6*1/r)/1. Suppose 0 = q + 2*c - 7, p*q - 4*c + 3 = 4. Let y(n) = n**3 - 4*n**2 + 3*n + 1. Calculate y(q).
1
Let q be 10/20*(-4)/2. Let u(h) = -h**3 + 2*h**2. Let t(f) = 6*f**3 - 10*f**2. Let v(c) = -2*t(c) - 11*u(c). Give v(q).
-1
Let h(f) = -f**2 + 6*f + 3 - 5 + 5 - 5*f. Let b(x) be the first derivative of -x**2/2 + 9*x + 1. Let i be b(6). Give h(i).
-3
Suppose -5*t = w + 5, -3*t + 5*t = -2*w - 10. Let q(f) = 6*f - 3. Let u(i) = 7*i - 3. Let s(j) = w*q(j) + 4*u(j). Determine s(-3).
9
Let q(w) = w**2 + 6*w + 6. Let t be q(-6). Let a(h) = 4*h**3 + 12*h**2 - 6*h. Let r(y) = 3*y**3 + 11*y**2 - 6*y - 1. Let f(m) = 4*a(m) - 5*r(m). Give f(t).
5
Let s be 6/(-5)*10/3. Let t(o) = o - 2. Calculate t(s).
-6
Let r(i) = i - 11. Suppose 7*y + 4*a - 8 = 3*y, 4*y = a + 28. Let x be r(y). Let n(u) = 7*u - 8. Let q(f) = -8*f + 9. Let g(s) = -7*n(s) - 6*q(s). What is g(x)?
7
Let g be ((0 + -3)/(-15))/((-9)/45). Let d(h) = 2*h**2 - h - 1. Calculate d(g).
2
Let c(s) = -3*s + 2*s**2 - 4*s**2 + 3*s - 1 + 3*s. Suppose 2 = 2*b - 0*b. Suppose b = 2*j - 3. What is c(j)?
-3
Let n = 8 - 5. Let t(k) = -k**3 + 1 + 4*k**n - 2*k**2 + k**3 + 0*k**2. Calculate t(-1).
-5
Let s(x) be the first derivative of -x**5/60 - x**4/8 - 2*x**3/3 + x**2/2 - 5. Let j(u) be the second derivative of s(u). Calculate j(-5).
-14
Let s be -1 + -1 + 1 + 2. Suppose -2*q + 2 = -3*d - 0*d, -2*d = 5*q - 24. Let l(j) = j**2 + j + 0*j**d - 1 + 2*j**3 + 3*j**3. What is l(s)?
6
Let a(i) be the first derivative of -2*i + 5/2*i**2 - 1/3*i**3 + 1. Let s be -2 - 5/((-3)/3). Determine a(s).
4
Suppose 3*i + q = -4*q - 2, 4*i + q - 3 = 0. Let j(x) = 6*x - 2. Let t(d) = -3*d + 1. Let z(n) = -6*j(n) - 13*t(n). Determine z(i).
2
Let i(q) be the third derivative of -q**7/840 - q**6/360 - q**5/60 - q**4/6 - 3*q**2. Let a(k) be the second derivative of i(k). Determine a(-2).
-10
Suppose 6*o - 2*o = 0. Let h = 6 + -3. Let a(d) = -d**2 + 6 + 2*d**2 - 4*d + 3*d - d**h. What is a(o)?
6
Let p(m) be the second derivative of -m**5/20 - m**4/12 - m**3/6 + 7*m**2/2 + 3*m - 9. Give p(0).
7
Suppose 3*f = s + 10, 0 = -5*s + 3*s + 10. Suppose 3*v + f = -7. Let t(p) = -2*p - 3. Determine t(v).
5
Suppose 4*a - 3 = 9. Suppose 0 = q - 4*g, -g = 5*q - a*g. Suppose -8 = 4*j - 5*o, -5*o + 4 + 16 = q. Let d(y) = -y**2 + 2*y + 2. What is d(j)?
-1
Let p = 10 + -7. Suppose 0*s = p*s + 15. Let o(j) = 7*j**2 - 2*j - 5. Let y(g) = -15*g**2 + 5*g + 11. Let w(h) = -13*o(h) - 6*y(h). Calculate w(s).
-6
Let y = -25 + 11. Let l = -16 - y. Let r(v) = -6*v**3 + 3*v**2 - 3*v - 1. Let d(z) = 5*z**3 - 2*z**2 + 2*z + 1. Let p(t) = 5*d(t) + 4*r(t). What is p(l)?
5
Let l(t) be the third derivative of t**4/24 - 4*t**3/3 + 4*t**2. Determine l(4).
-4
Let d = 17 - 15. Let a(w) = -16*w**d + 3*w**2 - 8 - 7*w + 12*w**2 - 2*w. Give a(-7).
6
Let j be (1 + 0)*0 - 2. Let v(r) be the third derivative of -r**4/8 - r**3/6 + 3*r**2. Determine v(j).
5
Let t(o) = -2*o + 4. Let u(m) = -m + 1. Let b(d) = t(d) - 3*u(d). Let i be (14/(-10) - -1)*-10. Suppose 8 = -0*g + i*g. Calculate b(g).
3
Let f(l) = -l**2 - 2*l + 5. Suppose -7*u = -2*u. Let h be -5 - ((-1 - 0) + u). Let j be f(h). Let a(g) = 2*g**2 + 3*g - 4. What is a(j)?
5
Let u(y) = y + 8. Let k be u(-6). Let i(j) = k + 2*j - 7*j**2 + 1 - 2. Calculate i(-1).
-8
Let i(s) = -3*s - 3*s + 5*s + 3 + 2. Determine i(7).
-2
Let q(i) = 4 - 20*i + 2*i + i**2 + 12*i. Give q(6).
4
Let d(c) = 3*c - 7. Suppose 2*q + 2*q - 41 = -u, -2*u + 3*q = -38. Suppose -5*w + 0*w + u = 0. Give d(w).
8
Let l(o) = o**2 + o + 9. Suppose 0 = -0*n + 4*n - 8. Suppose 5*j - 13 = -2*c + n, -3*c = 5*j - 15. Give l(c).
9
Let x(s) = -s - 1. Let u(r) = -6*r**2 - r + 1. Let n(i) = -2*i**3 + i. Let z be n(-1). Let c be u(z). Let t = c + 4. Determine x(t).
1
Let z(v) = -v**2 + 6*v. Let u(q) = 4*q - 10. Let w be u(4). What is z(w)?
0
Suppose 0*w - 4 = 4*w. Let m(l) = -l - 1. Let p(v) = 6*v + 5. Let k(g) = w*p(g) - 5*m(g). Suppose 4*o + 4*i - 28 = 0, -3*o + 13 = -0*i + i. Determine k(o).
-3
Let x(a) = -a - 2. Let p(d) = -2*d - 2. Let u(h) = 2*p(h) - 3*x(h). Calculate u(-3).
5
Let p = -17 + 19. Let g(q) = 2*q**p - 9*q + 7*q + 4 + 1 - 4. Determine g(2).
5
Let j(x) = 0*x**3 + 3 + x**3 - 6*x - 5*x**2 + 2*x**2. Let k be 3 + -3 + -3 + 7. Determine j(k).
-5
Let z = 2 - -1. Let b = z + 1. Let t(q) = -q**2 + 4*q - 6. What is t(b)?
-6
Let p be 3 - 2*2/4. Suppose -2*s = p*s - 8. Let l(a) = -2*a + 2. Determine l(s).
-2
Let v(n) = -4*n**3 + 2*n**2 - 4*n. Let j(x) = -4*x**3 + 2*x**2 - 5*x. Let h(i) = 3*j(i) - 4*v(i). Let o = 7 + -6. Calculate h(o).
3
Let i(a) be the third derivative of -2*a**2 + 0*a - 1/120*a**6 - 1/6*a**4 + 0 + 1/12*a**5 - 1/6*a**3. Let v(r) = r**2 + 9*r - 7. Let u be v(-10). Give i(u).
5
Let i(c) = -c**3 + 4*c**2 + 2. Suppose -5*g - 4*d = -40, 3*d - 8*d = -4*g - 9. Determine i(g).
2
Let d(b) = -b**2 - 4*b - 1. Suppose 5*c - 3*p = 6, -4*c + 0*p + p + 9 = 0. Let t = 0 - c. What is d(t)?
2
Let v(n) be the second derivative of -1/3*n**3 + n + 0 + 0*n**2. Give v(-2).
4
Let z(t) = -t + 1. Let m(w) = -1. Let b(h) = -4*m(h) - z(h). What is b(-5)?
-2
Let o(b) = -b**3 - 4*b**2 - 3*b + 4. Let f be o(-3). Let r(l) = 7 - 10*l**2 + f*l + 1 + 4*l**2 - 5*l + l**3. Determine r(6).
2
Let n(o) = o**2 - 7*o + 5. Let b be -1 + 1 + (-7 - 0). Let m be ((-48)/28)/(2/b). Determine n(m).
-1
Let z(q) = -1. Let i(c) = -2*c - 4. Let n(p) = -i(p) + z(p). Calculate n(-5).
-7
Let f(k) = 2*k**2 - 2*k - 1. Let v be f(2). Suppose v